site number?
False
Is 185593867 a composite number?
False
Is 1454501 a prime number?
False
Is 832063 prime?
True
Is 691651 composite?
False
Is 18326027 a prime number?
True
Is 3487313 a composite number?
True
Is 602730719 a composite number?
False
Is 2635571 a prime number?
False
Is 20944181 a composite number?
False
Is 1542661 composite?
False
Is 35397679 a composite number?
False
Is 9150127 composite?
True
Is 21350291 a composite number?
False
Is 195329 a prime number?
True
Is 43881433 a composite number?
True
Is 2729884533 composite?
True
Is 78623 a prime number?
True
Is 9114197 prime?
True
Is 389612471 prime?
False
Is 39587461 prime?
False
Is 97578463 a composite number?
True
Is 556983247 prime?
True
Is 9842869 a prime number?
True
Is 13449551 a prime number?
True
Is 183561247 a prime number?
False
Is 4589179 a prime number?
False
Is 1574033 composite?
True
Is 4819319 a composite number?
False
Is 12154801 prime?
True
Is 65066951 a composite number?
False
Is 788165489 composite?
True
Is 924823 a prime number?
False
Is 2426573 prime?
True
Is 20688791 a composite number?
True
Is 538374251 a composite number?
False
Is 9877997 a composite number?
False
Is 3018493 a composite number?
False
Is 145259 a composite number?
False
Is 716147 a prime number?
False
Is 51338303 composite?
True
Is 737179 a prime number?
True
Is 28246469 composite?
True
Is 5224826501 prime?
True
Is 44140157 prime?
False
Is 13366877 prime?
False
Is 1437203519 prime?
False
Is 385061 prime?
False
Is 23167621 prime?
True
Is 1563233 a composite number?
True
Is 185221 a composite number?
False
Is 14910257 a prime number?
False
Is 473710771 prime?
True
Is 1807681 a composite number?
True
Is 1296629 a composite number?
False
Is 18984653 prime?
False
Is 60216547 composite?
True
Is 834221 composite?
False
Is 2823011 a prime number?
False
Is 1763347 a composite number?
True
Is 236049689 a prime number?
True
Is 511883 composite?
True
Is 2156939 composite?
False
Is 80117 composite?
True
Is 790259 a prime number?
False
Is 41842285 composite?
True
Is 6696049 prime?
True
Is 433406 a prime number?
False
Is 10520617 a composite number?
True
Is 1389089 prime?
False
Is 1941889 prime?
True
Is 56599997 a composite number?
True
Is 354619 composite?
False
Is 4427351 composite?
True
Is 156971167 a composite number?
False
Is 55121161 composite?
True
Is 757013 prime?
False
Is 24182261 composite?
False
Is 3244837 a prime number?
True
Is 107408009 a prime number?
True
Is 545711 a composite number?
False
Is 3859411 composite?
False
Is 97577533 a composite number?
False
Is 183387433 a composite number?
False
Is 19771957 a prime number?
True
Is 3977177 a composite number?
False
Is 262145663 composite?
True
Is 25155863 a composite number?
False
Is 798281711 a prime number?
True
Is 8822159 prime?
True
Is 95820839 composite?
False
Is 24278671 a prime number?
False
Is 42244887 a composite number?
True
Is 1327771 a prime number?
False
Is 360917111 a composite number?
False
Is 517637 a prime number?
True
Is 2803663 a composite number?
False
Is 2583419 prime?
True
Is 2211763 a prime number?
False
Is 763758841 a composite number?
True
Is 36061163 prime?
True
Is 87361583 a composite number?
False
Is 1147763 a prime number?
False
Is 142714579 composite?
True
Is 5083289 a prime number?
False
Is 11250409 prime?
True
Is 143953951 a composite number?
True
Is 73791779 a prime number?
True
Is 118185019 composite?
False
Is 1528217 a composite number?
True
Is 555637 prime?
True
Is 14654369 a composite number?
False
Is 14329999 prime?
True
Is 5979173 a prime number?
True
Is 149640721 composite?
True
Is 3830177 a prime number?
False
Is 650974529 composite?
False
Is 6023453 composite?
True
Is 56167913 prime?
True
Is 465551 a composite number?
False
Is 99079 composite?
False
Is 4672907 a composite number?
False
Is 309208577 a prime number?
False
Is 33110089 a composite number?
False
Is 30780185 prime?
False
Is 1864213 a prime number?
False
Is 41362093 prime?
True
Is 2857409 composite?
True
Is 76453757 composite?
False
Is 69973895 a composite number?
True
Is 26623829 composite?
False
Is 755107 prime?
True
Is 188200769 prime?
True
Is 8651873 a composite number?
True
Is 50055277 prime?
True
Is 36352469 a composite number?
False
Is 32908147 composite?
True
Is 11183483 composite?
True
Is 86350997 a composite number?
True
Is 13841 a composite number?
False
Is 8968541 composite?
True
Is 164535661 prime?
True
Is 4484258 composite?
True
Is 7805479 a composite number?
True
Is 4053941 prime?
True
Is 2210723 a composite number?
False
Is 740965 a prime number?
False
Is 11292733 composite?
True
Is 1845469 composite?
True
Is 6606797 composite?
True
Is 314901287 prime?
True
Is 53686211 a composite number?
False
Is 27016699 composite?
False
Is 3808309 a prime number?
False
Is 63642461 a prime number?
True
Is 19926209 prime?
True
Is 34683295 a prime number?
False
Is 237740933 a composite number?
False
Is 2047385 a composite number?
True
Is 2867853 a prime number?
False
Is 602643241 composite?
False
Is 12784727 prime?
True
Is 6872683 a prime number?
True
Is 301922539 a prime number?
True
Is 152027 composite?
False
Is 2919821 a composite number?
False
Is 19119977 a prime number?
False
Is 92080691 a composite number?
False
Is 3929879 composite?
False
Is 92148163 prime?
True
Is 4230871 a prime number?
True
Is 3923303 composite?
False
Is 45260747 prime?
False
Is 5617505 composite?
True
Is 37689851 prime?
True
Is 25242439 prime?
True
Is 2243753 a prime number?
True
Is 157812247 composite?
False
Is 200692067 composite?
False
Is 6088237 a composite number?
False
Is 28799359 prime?
True
Is 32546011 a prime number?
True
Is 45616919 a composite number?
False
Is 2854595 composite?
True
Is 1802077 a composite number?
False
Is 18778953 composite?
True
Is 68736007 a prime number?
True
Is 1184741 a prime number?
True
Is 63782869 prime?
True
Is 24746141 composite?
True
Is 180521 a prime number?
False
Is 28248335 prime?
False
Is 65297827 a composite number?
True
Is 6447827 a prime number?
False
Is 279300685 a prime number?
False
Is 3284643 prime?
False
Is 818899033 composite?
False
Is 224797 composite?
False
Is 121516999 a prime number?
True
Is 3267167 prime?
False
Is 676649 a composite number?
False
Is 91597019 composite?
True
Is 8078521 a prime number?
False
Is 141323323 prime?
True
Is 1785899 a prime number?
False
Is 34873481 a prime number?
False
Is 70915829 composite?
False
Is 13686982 prime?
False
Is 26086579 composite?
True
Is 39077327 composite?
False
Is 70179734 composite?
True
Is 2507411 composite?
True
Is 69318089 a prime number?
True
Is 32256634 prime?
False
Is 795059 a prime number?
False
Is 1957497 prime?
False
Is 35939641 a composite number?
False
Is 27946103 composite?
False
Is 335015 composite?
True
Is 25459743 a prime number?
False
Is 205507 a composite number?
False
Is 168193 a prime number?
True
Is 182531 prime?
False
Is 2363359 prime?
True
Is 51015457 a prime number?
True
Is 2567239 prime?
False
Is 167448823 a prime number?
True
Is 859195159 a composite number?
False
Is 6820817 composite?
False
Is 1434313 prime?
False
Is 7944983 a composite number?
True
Is 14090611 prime?
False
Is 482305907 composite?
False
Is 12141499 prime?
True
Is 8242277 composite?
False
Is 8893441 composite?
True
Is 14738143 composite?
True
Is 2311859 a composite number?
True
Is 442535293 prime?
False
Is 1333313 a prime number?
True
Is 965881 a prime number?
False
Is 85921571 composite?
False
Is 105110633 a composite number?
False
Is 2912631 composite?
True
Is 51491183 composite?
False
Is 95869637 prime?
True
Is 15866447 prime?
True
Is 96043 a composite number?
False
Is 61517653 a prime number?
True
Is 8935994 a composite number?
True
Is 14754917 a composite number?
False
Is 1613093 a composite number?
False
Is 82287551 a composite number?
False
Is 16804817 composite?
False
Is 158620681 prime?
True
Is 38248289 composite?
False
Is 26803327 prime?
True
Is 43837093 a prime number?
False
Is 21263941 a prime number?
True
Is 119143799 prime?
True
Is 25373969 a prime number?
True
Is 43475231 composite?
True
Is 50799262 a prime number?
False
Is 4620697 a composite number?
False
Is 25774505 a composite number?
True
Is 64043885 a prime number?
False
Is 41729663 composite?
Fa